{"id":5129,"date":"2025-03-13T11:30:08","date_gmt":"2025-03-13T16:30:08","guid":{"rendered":"https:\/\/publievolucion.com\/?page_id=5129"},"modified":"2025-09-24T20:17:07","modified_gmt":"2025-09-25T01:17:07","slug":"creacion-de-contenidos","status":"publish","type":"page","link":"https:\/\/publievolucion.com\/?page_id=5129","title":{"rendered":"CREACI\u00d3N DE CONTENIDOS"},"content":{"rendered":"\t\t<div data-elementor-type=\"wp-page\" data-elementor-id=\"5129\" class=\"elementor elementor-5129\">\n\t\t\t\t<div class=\"elementor-element elementor-element-1b32b73 e-con-full e-flex e-con e-child\" data-id=\"1b32b73\" data-element_type=\"container\" data-settings=\"{&quot;shape_divider_top&quot;:&quot;mountains&quot;}\">\n\t\t\t\t<div class=\"elementor-shape elementor-shape-top\" data-negative=\"false\">\n\t\t\t<svg xmlns=\"http:\/\/www.w3.org\/2000\/svg\" viewBox=\"0 0 1000 100\" preserveAspectRatio=\"none\">\n\t<path class=\"elementor-shape-fill\" opacity=\"0.33\" d=\"M473,67.3c-203.9,88.3-263.1-34-320.3,0C66,119.1,0,59.7,0,59.7V0h1000v59.7 c0,0-62.1,26.1-94.9,29.3c-32.8,3.3-62.8-12.3-75.8-22.1C806,49.6,745.3,8.7,694.9,4.7S492.4,59,473,67.3z\"\/>\n\t<path class=\"elementor-shape-fill\" opacity=\"0.66\" d=\"M734,67.3c-45.5,0-77.2-23.2-129.1-39.1c-28.6-8.7-150.3-10.1-254,39.1 s-91.7-34.4-149.2,0C115.7,118.3,0,39.8,0,39.8V0h1000v36.5c0,0-28.2-18.5-92.1-18.5C810.2,18.1,775.7,67.3,734,67.3z\"\/>\n\t<path class=\"elementor-shape-fill\" d=\"M766.1,28.9c-200-57.5-266,65.5-395.1,19.5C242,1.8,242,5.4,184.8,20.6C128,35.8,132.3,44.9,89.9,52.5C28.6,63.7,0,0,0,0 h1000c0,0-9.9,40.9-83.6,48.1S829.6,47,766.1,28.9z\"\/>\n<\/svg>\t\t<\/div>\n\t\t\t\t<\/div>\n\t\t<div class=\"elementor-element elementor-element-a5426fb e-con-full e-flex e-con e-parent\" data-id=\"a5426fb\" data-element_type=\"container\">\n\t\t<div class=\"elementor-element elementor-element-5438793 e-con-full e-flex e-con e-child\" data-id=\"5438793\" data-element_type=\"container\">\n\t\t<div class=\"elementor-element elementor-element-055c267 e-con-full e-flex e-con e-child\" data-id=\"055c267\" data-element_type=\"container\">\n\t\t\t\t<div class=\"elementor-element elementor-element-1d17be9 elementor-align-center elementor-mobile-align-left elementor-widget elementor-widget-button\" data-id=\"1d17be9\" data-element_type=\"widget\" data-widget_type=\"button.default\">\n\t\t\t\t<div class=\"elementor-widget-container\">\n\t\t\t\t\t\t\t\t\t<div class=\"elementor-button-wrapper\">\n\t\t\t\t\t<a class=\"elementor-button elementor-button-link elementor-size-sm\" href=\"#elementor-action%3Aaction%3Dpopup%3Aopen%26settings%3DeyJpZCI6IjU2NTciLCJ0b2dnbGUiOmZhbHNlfQ%3D%3D\" emergente=\"\">\n\t\t\t\t\t\t<span class=\"elementor-button-content-wrapper\">\n\t\t\t\t\t\t<span class=\"elementor-button-icon\">\n\t\t\t\t<i aria-hidden=\"true\" class=\"fas fa-bars\"><\/i>\t\t\t<\/span>\n\t\t\t\t\t\t\t\t<\/span>\n\t\t\t\t\t<\/a>\n\t\t\t\t<\/div>\n\t\t\t\t\t\t\t\t<\/div>\n\t\t\t\t<\/div>\n\t\t\t\t<\/div>\n\t\t<div class=\"elementor-element elementor-element-5400829 e-con-full e-flex e-con e-child\" data-id=\"5400829\" data-element_type=\"container\">\n\t\t\t\t<div class=\"elementor-element elementor-element-691df04 elementor-widget elementor-widget-image\" data-id=\"691df04\" data-element_type=\"widget\" data-widget_type=\"image.default\">\n\t\t\t\t<div class=\"elementor-widget-container\">\n\t\t\t\t\t\t\t\t\t\t\t\t\t\t\t<img fetchpriority=\"high\" decoding=\"async\" width=\"500\" height=\"500\" src=\"https:\/\/publievolucion.com\/wp-content\/uploads\/2024\/12\/LOGO-AGENCIA.jpg\" class=\"attachment-large size-large wp-image-4663\" alt=\"\" srcset=\"https:\/\/publievolucion.com\/wp-content\/uploads\/2024\/12\/LOGO-AGENCIA.jpg 500w, https:\/\/publievolucion.com\/wp-content\/uploads\/2024\/12\/LOGO-AGENCIA-300x300.jpg 300w, https:\/\/publievolucion.com\/wp-content\/uploads\/2024\/12\/LOGO-AGENCIA-150x150.jpg 150w\" sizes=\"(max-width: 500px) 100vw, 500px\" \/>\t\t\t\t\t\t\t\t\t\t\t\t\t\t\t<\/div>\n\t\t\t\t<\/div>\n\t\t\t\t<\/div>\n\t\t\t\t<\/div>\n\t\t\t\t<\/div>\n\t\t<div class=\"elementor-element elementor-element-352fcf2 e-flex e-con-boxed e-con e-child\" data-id=\"352fcf2\" data-element_type=\"container\" data-settings=\"{&quot;background_background&quot;:&quot;classic&quot;}\">\n\t\t\t\t\t<div class=\"e-con-inner\">\n\t\t<div class=\"elementor-element elementor-element-8cbc0e5 e-con-full e-flex e-con e-child\" data-id=\"8cbc0e5\" data-element_type=\"container\">\n\t\t\t\t<div class=\"elementor-element elementor-element-44efa7f elementor-invisible elementor-widget elementor-widget-heading\" data-id=\"44efa7f\" data-element_type=\"widget\" data-settings=\"{&quot;_animation&quot;:&quot;fadeInDown&quot;}\" data-widget_type=\"heading.default\">\n\t\t\t\t<div class=\"elementor-widget-container\">\n\t\t\t\t\t<h1 class=\"elementor-heading-title elementor-size-default\">CREACI\u00d3N DE CONTENIDOS<\/h1>\t\t\t\t<\/div>\n\t\t\t\t<\/div>\n\t\t\t\t<\/div>\n\t\t\t\t\t<\/div>\n\t\t\t\t<\/div>\n\t\t<div class=\"elementor-element elementor-element-d0b2a4a e-flex e-con-boxed e-con e-parent\" data-id=\"d0b2a4a\" data-element_type=\"container\">\n\t\t\t\t\t<div class=\"e-con-inner\">\n\t\t<div class=\"elementor-element elementor-element-04737ea e-flex e-con-boxed e-con e-child\" data-id=\"04737ea\" data-element_type=\"container\">\n\t\t\t\t\t<div class=\"e-con-inner\">\n\t\t\t\t<div class=\"elementor-element elementor-element-a47af44 elementor-widget elementor-widget-heading\" data-id=\"a47af44\" data-element_type=\"widget\" data-widget_type=\"heading.default\">\n\t\t\t\t<div class=\"elementor-widget-container\">\n\t\t\t\t\t<h2 class=\"elementor-heading-title elementor-size-default\">Potencia Tu Marca con Estrategia y Creatividad<\/h2>\t\t\t\t<\/div>\n\t\t\t\t<\/div>\n\t\t\t\t\t<\/div>\n\t\t\t\t<\/div>\n\t\t\t\t\t<\/div>\n\t\t\t\t<\/div>\n\t\t<div class=\"elementor-element elementor-element-0a7e2c5 e-flex e-con-boxed e-con e-parent\" data-id=\"0a7e2c5\" data-element_type=\"container\">\n\t\t\t\t\t<div class=\"e-con-inner\">\n\t\t<div class=\"elementor-element elementor-element-a4f6f87 e-flex e-con-boxed e-con e-child\" data-id=\"a4f6f87\" data-element_type=\"container\">\n\t\t\t\t\t<div class=\"e-con-inner\">\n\t\t\t\t<div class=\"elementor-element elementor-element-f49f1d8 elementor-widget__width-initial elementor-widget elementor-widget-heading\" data-id=\"f49f1d8\" data-element_type=\"widget\" data-widget_type=\"heading.default\">\n\t\t\t\t<div class=\"elementor-widget-container\">\n\t\t\t\t\t<p class=\"elementor-heading-title elementor-size-default\">En el mundo digital, el contenido es clave para atraer, conectar y convertir a tu audiencia. Creamos contenido de valor, optimizado y estrat\u00e9gico para posicionar tu negocio, mejorar tu visibilidad y fortalecer tu marca.<br><br>Estamos a la vanguardia de las \u00faltimas tendencias para creaci\u00f3n de textos atrayentes, fotos y videos impactantes para tus anuncios con <b>Inteligenc<\/b>ia <b>Artificial (IA)<\/b><\/p>\t\t\t\t<\/div>\n\t\t\t\t<\/div>\n\t\t\t\t\t<\/div>\n\t\t\t\t<\/div>\n\t\t\t\t\t<\/div>\n\t\t\t\t<\/div>\n\t\t<div class=\"elementor-element elementor-element-723e5f3 e-flex e-con-boxed e-con e-parent\" data-id=\"723e5f3\" data-element_type=\"container\">\n\t\t\t\t\t<div class=\"e-con-inner\">\n\t\t\t\t<div class=\"elementor-element elementor-element-387c7fd elementor-widget elementor-widget-image\" data-id=\"387c7fd\" data-element_type=\"widget\" data-widget_type=\"image.default\">\n\t\t\t\t<div class=\"elementor-widget-container\">\n\t\t\t\t\t\t\t\t\t\t\t\t\t\t\t<img decoding=\"async\" width=\"1024\" height=\"576\" src=\"https:\/\/publievolucion.com\/wp-content\/uploads\/2025\/03\/Introduction-26-1024x576.png\" class=\"attachment-large size-large wp-image-5372\" alt=\"\" srcset=\"https:\/\/publievolucion.com\/wp-content\/uploads\/2025\/03\/Introduction-26-1024x576.png 1024w, https:\/\/publievolucion.com\/wp-content\/uploads\/2025\/03\/Introduction-26-300x169.png 300w, https:\/\/publievolucion.com\/wp-content\/uploads\/2025\/03\/Introduction-26-768x432.png 768w, https:\/\/publievolucion.com\/wp-content\/uploads\/2025\/03\/Introduction-26-1536x864.png 1536w, https:\/\/publievolucion.com\/wp-content\/uploads\/2025\/03\/Introduction-26.png 1920w\" sizes=\"(max-width: 1024px) 100vw, 1024px\" \/>\t\t\t\t\t\t\t\t\t\t\t\t\t\t\t<\/div>\n\t\t\t\t<\/div>\n\t\t\t\t\t<\/div>\n\t\t\t\t<\/div>\n\t\t<div class=\"elementor-element elementor-element-1c84d7a e-flex e-con-boxed e-con e-parent\" data-id=\"1c84d7a\" data-element_type=\"container\">\n\t\t\t\t\t<div class=\"e-con-inner\">\n\t\t\t\t<div class=\"elementor-element elementor-element-a07dfb4 elementor-widget elementor-widget-heading\" data-id=\"a07dfb4\" data-element_type=\"widget\" data-widget_type=\"heading.default\">\n\t\t\t\t<div class=\"elementor-widget-container\">\n\t\t\t\t\t<h2 class=\"elementor-heading-title elementor-size-default\">\u00bfQu\u00e9 Incluye Nuestro Servicio de Creaci\u00f3n de Contenidos?<\/h2>\t\t\t\t<\/div>\n\t\t\t\t<\/div>\n\t\t\t\t\t<\/div>\n\t\t\t\t<\/div>\n\t\t<div class=\"elementor-element elementor-element-9ba4741 e-flex e-con-boxed e-con e-parent\" data-id=\"9ba4741\" data-element_type=\"container\">\n\t\t\t\t\t<div class=\"e-con-inner\">\n\t\t\t\t<div class=\"elementor-element elementor-element-ea62b9b elementor-widget elementor-widget-text-editor\" data-id=\"ea62b9b\" data-element_type=\"widget\" data-widget_type=\"text-editor.default\">\n\t\t\t\t<div class=\"elementor-widget-container\">\n\t\t\t\t\t\t\t\t\t<ul><li><p data-start=\"384\" data-end=\"589\">\u2705 <strong>Creaci\u00f3n y Edici\u00f3n de videos con Inteligencia Artificial\u00a0 (IA)<\/strong><br data-start=\"638\" data-end=\"641\" \/>Dise\u00f1amos tus videos impactantes con las \u00faltimas tendencias y desarrollo de Inteligencia Artificial, con estrategias de contenido para Instagram, Facebook, LinkedIn y otras plataformas, con publicaciones impactantes, textos persuasivos y gr\u00e1ficos atractivos que potencien la interacci\u00f3n.<\/p><\/li><li><p data-start=\"384\" data-end=\"589\">\u2705 <strong data-start=\"386\" data-end=\"420\">Redacci\u00f3n de Art\u00edculos y Blogs<\/strong><br data-start=\"420\" data-end=\"423\" \/>Creamos contenido optimizado para SEO, informativo y atractivo, dise\u00f1ado para atraer tr\u00e1fico org\u00e1nico, generar confianza y posicionarte como referente en tu sector.<\/p><p data-start=\"591\" data-end=\"835\">\u2705 <strong data-start=\"593\" data-end=\"638\">Gesti\u00f3n de Contenidos para Redes Sociales<\/strong><br data-start=\"638\" data-end=\"641\" \/>Dise\u00f1amos estrategias de contenido para Instagram, Facebook, LinkedIn y otras plataformas, con publicaciones impactantes, textos persuasivos y gr\u00e1ficos atractivos que potencien la interacci\u00f3n.<\/p><p data-start=\"837\" data-end=\"1030\">\u2705 <strong data-start=\"839\" data-end=\"865\">Copywriting Persuasivo<\/strong><br data-start=\"865\" data-end=\"868\" \/>Escribimos textos que venden, desde descripciones de productos hasta anuncios y p\u00e1ginas de ventas, utilizando t\u00e9cnicas de persuasi\u00f3n para aumentar conversiones.<\/p><p data-start=\"1032\" data-end=\"1237\">\u2705 <strong data-start=\"1034\" data-end=\"1068\">Guiones para Videos y Podcasts<\/strong><br data-start=\"1068\" data-end=\"1071\" \/>Creamos guiones estructurados y atractivos para videos promocionales, reels, TikToks, comerciales y contenido audiovisual que impulse el engagement de tu audiencia.<\/p><p data-start=\"1239\" data-end=\"1424\">\u2705 <strong data-start=\"1241\" data-end=\"1275\">Infograf\u00edas y Contenido Visual<\/strong><br data-start=\"1275\" data-end=\"1278\" \/>Dise\u00f1amos contenido gr\u00e1fico llamativo, ideal para redes sociales, blogs y campa\u00f1as publicitarias, con informaci\u00f3n clara y visualmente atractiva.<\/p><\/li><\/ul>\t\t\t\t\t\t\t\t<\/div>\n\t\t\t\t<\/div>\n\t\t\t\t\t<\/div>\n\t\t\t\t<\/div>\n\t\t<div class=\"elementor-element elementor-element-96444d6 e-flex e-con-boxed e-con e-parent\" data-id=\"96444d6\" data-element_type=\"container\">\n\t\t\t\t\t<div class=\"e-con-inner\">\n\t\t\t\t<div class=\"elementor-element elementor-element-14d52ca elementor-widget elementor-widget-heading\" data-id=\"14d52ca\" data-element_type=\"widget\" data-widget_type=\"heading.default\">\n\t\t\t\t<div class=\"elementor-widget-container\">\n\t\t\t\t\t<h2 class=\"elementor-heading-title elementor-size-default\">Beneficios de un Contenido de Calidad<\/h2>\t\t\t\t<\/div>\n\t\t\t\t<\/div>\n\t\t\t\t\t<\/div>\n\t\t\t\t<\/div>\n\t\t<div class=\"elementor-element elementor-element-62cf649 e-flex e-con-boxed e-con e-parent\" data-id=\"62cf649\" data-element_type=\"container\">\n\t\t\t\t\t<div class=\"e-con-inner\">\n\t\t\t\t<div class=\"elementor-element elementor-element-21f4b45 elementor-widget elementor-widget-text-editor\" data-id=\"21f4b45\" data-element_type=\"widget\" data-widget_type=\"text-editor.default\">\n\t\t\t\t<div class=\"elementor-widget-container\">\n\t\t\t\t\t\t\t\t\t<ul><li><p data-start=\"1668\" data-end=\"1943\">\ud83d\udd39 <strong data-start=\"1671\" data-end=\"1724\">Mayor visibilidad y posicionamiento en buscadores<\/strong> (SEO).<br data-start=\"1731\" data-end=\"1734\" \/>\ud83d\udd39 <strong data-start=\"1737\" data-end=\"1778\">Engagement y fidelizaci\u00f3n de clientes<\/strong> con contenido de valor.<br data-start=\"1802\" data-end=\"1805\" \/>\ud83d\udd39 <strong data-start=\"1808\" data-end=\"1840\">Generaci\u00f3n de leads y ventas<\/strong> con estrategias de contenido persuasivo.<br data-start=\"1881\" data-end=\"1884\" \/>\ud83d\udd39 <strong data-start=\"1887\" data-end=\"1915\">Autoridad y credibilidad<\/strong> en tu industria o sector.<\/p><\/li><\/ul>\t\t\t\t\t\t\t\t<\/div>\n\t\t\t\t<\/div>\n\t\t\t\t\t<\/div>\n\t\t\t\t<\/div>\n\t\t\t\t<\/div>\n\t\t","protected":false},"excerpt":{"rendered":"<p>CREACI\u00d3N DE CONTENIDOS Potencia Tu Marca con Estrategia y Creatividad En el mundo digital, el contenido es clave para atraer, conectar y convertir a tu audiencia. Creamos contenido de valor, optimizado y estrat\u00e9gico para posicionar tu negocio, mejorar tu visibilidad y fortalecer tu marca. Estamos a la vanguardia de las \u00faltimas tendencias para creaci\u00f3n de [&hellip;]<\/p>\n","protected":false},"author":1,"featured_media":0,"parent":0,"menu_order":0,"comment_status":"closed","ping_status":"closed","template":"","meta":{"site-sidebar-layout":"no-sidebar","site-content-layout":"page-builder","ast-site-content-layout":"full-width-container","site-content-style":"default","site-sidebar-style":"default","ast-global-header-display":"","ast-banner-title-visibility":"","ast-main-header-display":"","ast-hfb-above-header-display":"","ast-hfb-below-header-display":"","ast-hfb-mobile-header-display":"","site-post-title":"disabled","ast-breadcrumbs-content":"","ast-featured-img":"disabled","footer-sml-layout":"","theme-transparent-header-meta":"","adv-header-id-meta":"","stick-header-meta":"","header-above-stick-meta":"","header-main-stick-meta":"","header-below-stick-meta":"","astra-migrate-meta-layouts":"set","ast-page-background-enabled":"default","ast-page-background-meta":{"desktop":{"background-color":"","background-image":"","background-repeat":"repeat","background-position":"center center","background-size":"auto","background-attachment":"scroll","background-type":"","background-media":"","overlay-type":"","overlay-color":"","overlay-gradient":""},"tablet":{"background-color":"","background-image":"","background-repeat":"repeat","background-position":"center center","background-size":"auto","background-attachment":"scroll","background-type":"","background-media":"","overlay-type":"","overlay-color":"","overlay-gradient":""},"mobile":{"background-color":"","background-image":"","background-repeat":"repeat","background-position":"center center","background-size":"auto","background-attachment":"scroll","background-type":"","background-media":"","overlay-type":"","overlay-color":"","overlay-gradient":""}},"ast-content-background-meta":{"desktop":{"background-color":"var(--ast-global-color-5)","background-image":"","background-repeat":"repeat","background-position":"center center","background-size":"auto","background-attachment":"scroll","background-type":"","background-media":"","overlay-type":"","overlay-color":"","overlay-gradient":""},"tablet":{"background-color":"var(--ast-global-color-5)","background-image":"","background-repeat":"repeat","background-position":"center center","background-size":"auto","background-attachment":"scroll","background-type":"","background-media":"","overlay-type":"","overlay-color":"","overlay-gradient":""},"mobile":{"background-color":"var(--ast-global-color-5)","background-image":"","background-repeat":"repeat","background-position":"center center","background-size":"auto","background-attachment":"scroll","background-type":"","background-media":"","overlay-type":"","overlay-color":"","overlay-gradient":""}},"_joinchat":[],"footnotes":""},"class_list":["post-5129","page","type-page","status-publish","hentry"],"yoast_head":"<!-- This site is optimized with the Yoast SEO plugin v22.5 - https:\/\/yoast.com\/wordpress\/plugins\/seo\/ -->\n<title>CREACI\u00d3N DE CONTENIDOS - Agencia Digital Publievoluci\u00f3n<\/title>\n<meta name=\"robots\" content=\"index, follow, max-snippet:-1, max-image-preview:large, max-video-preview:-1\" \/>\n<link rel=\"canonical\" href=\"https:\/\/publievolucion.com\/?page_id=5129\" \/>\n<meta property=\"og:locale\" content=\"es_ES\" \/>\n<meta property=\"og:type\" content=\"article\" \/>\n<meta property=\"og:title\" content=\"CREACI\u00d3N DE CONTENIDOS - Agencia Digital Publievoluci\u00f3n\" \/>\n<meta property=\"og:description\" content=\"CREACI\u00d3N DE CONTENIDOS Potencia Tu Marca con Estrategia y Creatividad En el mundo digital, el contenido es clave para atraer, conectar y convertir a tu audiencia. Creamos contenido de valor, optimizado y estrat\u00e9gico para posicionar tu negocio, mejorar tu visibilidad y fortalecer tu marca. Estamos a la vanguardia de las \u00faltimas tendencias para creaci\u00f3n de [&hellip;]\" \/>\n<meta property=\"og:url\" content=\"https:\/\/publievolucion.com\/?page_id=5129\" \/>\n<meta property=\"og:site_name\" content=\"Agencia Digital Publievoluci\u00f3n\" \/>\n<meta property=\"article:publisher\" content=\"https:\/\/www.facebook.com\/publievoluciondigitalsb\" \/>\n<meta property=\"article:modified_time\" content=\"2025-09-25T01:17:07+00:00\" \/>\n<meta property=\"og:image\" content=\"http:\/\/publievolucion.com\/wp-content\/uploads\/2024\/12\/LOGO-AGENCIA.jpg\" \/>\n<meta name=\"twitter:card\" content=\"summary_large_image\" \/>\n<meta name=\"twitter:label1\" content=\"Tiempo de lectura\" \/>\n\t<meta name=\"twitter:data1\" content=\"4 minutos\" \/>\n<script type=\"application\/ld+json\" class=\"yoast-schema-graph\">{\"@context\":\"https:\/\/schema.org\",\"@graph\":[{\"@type\":\"WebPage\",\"@id\":\"https:\/\/publievolucion.com\/?page_id=5129\",\"url\":\"https:\/\/publievolucion.com\/?page_id=5129\",\"name\":\"CREACI\u00d3N DE CONTENIDOS - Agencia Digital Publievoluci\u00f3n\",\"isPartOf\":{\"@id\":\"https:\/\/publievolucion.com\/#website\"},\"primaryImageOfPage\":{\"@id\":\"https:\/\/publievolucion.com\/?page_id=5129#primaryimage\"},\"image\":{\"@id\":\"https:\/\/publievolucion.com\/?page_id=5129#primaryimage\"},\"thumbnailUrl\":\"http:\/\/publievolucion.com\/wp-content\/uploads\/2024\/12\/LOGO-AGENCIA.jpg\",\"datePublished\":\"2025-03-13T16:30:08+00:00\",\"dateModified\":\"2025-09-25T01:17:07+00:00\",\"breadcrumb\":{\"@id\":\"https:\/\/publievolucion.com\/?page_id=5129#breadcrumb\"},\"inLanguage\":\"es\",\"potentialAction\":[{\"@type\":\"ReadAction\",\"target\":[\"https:\/\/publievolucion.com\/?page_id=5129\"]}]},{\"@type\":\"ImageObject\",\"inLanguage\":\"es\",\"@id\":\"https:\/\/publievolucion.com\/?page_id=5129#primaryimage\",\"url\":\"https:\/\/publievolucion.com\/wp-content\/uploads\/2024\/12\/LOGO-AGENCIA.jpg\",\"contentUrl\":\"https:\/\/publievolucion.com\/wp-content\/uploads\/2024\/12\/LOGO-AGENCIA.jpg\",\"width\":500,\"height\":500},{\"@type\":\"BreadcrumbList\",\"@id\":\"https:\/\/publievolucion.com\/?page_id=5129#breadcrumb\",\"itemListElement\":[{\"@type\":\"ListItem\",\"position\":1,\"name\":\"Portada\",\"item\":\"https:\/\/publievolucion.com\/\"},{\"@type\":\"ListItem\",\"position\":2,\"name\":\"CREACI\u00d3N DE CONTENIDOS\"}]},{\"@type\":\"WebSite\",\"@id\":\"https:\/\/publievolucion.com\/#website\",\"url\":\"https:\/\/publievolucion.com\/\",\"name\":\"Agencia Digital Publievoluci\u00f3n\",\"description\":\"Marketing Digital - Dise\u00f1o Web - Gesti\u00f3n de Redes Sociales\",\"publisher\":{\"@id\":\"https:\/\/publievolucion.com\/#organization\"},\"potentialAction\":[{\"@type\":\"SearchAction\",\"target\":{\"@type\":\"EntryPoint\",\"urlTemplate\":\"https:\/\/publievolucion.com\/?s={search_term_string}\"},\"query-input\":\"required name=search_term_string\"}],\"inLanguage\":\"es\"},{\"@type\":\"Organization\",\"@id\":\"https:\/\/publievolucion.com\/#organization\",\"name\":\"Agencia Digital Publievoluci\u00f3n\",\"url\":\"https:\/\/publievolucion.com\/\",\"logo\":{\"@type\":\"ImageObject\",\"inLanguage\":\"es\",\"@id\":\"https:\/\/publievolucion.com\/#\/schema\/logo\/image\/\",\"url\":\"https:\/\/publievolucion.com\/wp-content\/uploads\/2024\/02\/cropped-cropped-Post-de-Facebook-Venta-de-Galletas-Navidenas-Moderno-Dorado-1.jpg\",\"contentUrl\":\"https:\/\/publievolucion.com\/wp-content\/uploads\/2024\/02\/cropped-cropped-Post-de-Facebook-Venta-de-Galletas-Navidenas-Moderno-Dorado-1.jpg\",\"width\":937,\"height\":788,\"caption\":\"Agencia Digital Publievoluci\u00f3n\"},\"image\":{\"@id\":\"https:\/\/publievolucion.com\/#\/schema\/logo\/image\/\"},\"sameAs\":[\"https:\/\/www.facebook.com\/publievoluciondigitalsb\",\"https:\/\/www.instagram.com\/marketing.publievolucion\/\"]}]}<\/script>\n<!-- \/ Yoast SEO plugin. -->","yoast_head_json":{"title":"CREACI\u00d3N DE CONTENIDOS - Agencia Digital Publievoluci\u00f3n","robots":{"index":"index","follow":"follow","max-snippet":"max-snippet:-1","max-image-preview":"max-image-preview:large","max-video-preview":"max-video-preview:-1"},"canonical":"https:\/\/publievolucion.com\/?page_id=5129","og_locale":"es_ES","og_type":"article","og_title":"CREACI\u00d3N DE CONTENIDOS - Agencia Digital Publievoluci\u00f3n","og_description":"CREACI\u00d3N DE CONTENIDOS Potencia Tu Marca con Estrategia y Creatividad En el mundo digital, el contenido es clave para atraer, conectar y convertir a tu audiencia. Creamos contenido de valor, optimizado y estrat\u00e9gico para posicionar tu negocio, mejorar tu visibilidad y fortalecer tu marca. Estamos a la vanguardia de las \u00faltimas tendencias para creaci\u00f3n de [&hellip;]","og_url":"https:\/\/publievolucion.com\/?page_id=5129","og_site_name":"Agencia Digital Publievoluci\u00f3n","article_publisher":"https:\/\/www.facebook.com\/publievoluciondigitalsb","article_modified_time":"2025-09-25T01:17:07+00:00","og_image":[{"url":"http:\/\/publievolucion.com\/wp-content\/uploads\/2024\/12\/LOGO-AGENCIA.jpg"}],"twitter_card":"summary_large_image","twitter_misc":{"Tiempo de lectura":"4 minutos"},"schema":{"@context":"https:\/\/schema.org","@graph":[{"@type":"WebPage","@id":"https:\/\/publievolucion.com\/?page_id=5129","url":"https:\/\/publievolucion.com\/?page_id=5129","name":"CREACI\u00d3N DE CONTENIDOS - Agencia Digital Publievoluci\u00f3n","isPartOf":{"@id":"https:\/\/publievolucion.com\/#website"},"primaryImageOfPage":{"@id":"https:\/\/publievolucion.com\/?page_id=5129#primaryimage"},"image":{"@id":"https:\/\/publievolucion.com\/?page_id=5129#primaryimage"},"thumbnailUrl":"http:\/\/publievolucion.com\/wp-content\/uploads\/2024\/12\/LOGO-AGENCIA.jpg","datePublished":"2025-03-13T16:30:08+00:00","dateModified":"2025-09-25T01:17:07+00:00","breadcrumb":{"@id":"https:\/\/publievolucion.com\/?page_id=5129#breadcrumb"},"inLanguage":"es","potentialAction":[{"@type":"ReadAction","target":["https:\/\/publievolucion.com\/?page_id=5129"]}]},{"@type":"ImageObject","inLanguage":"es","@id":"https:\/\/publievolucion.com\/?page_id=5129#primaryimage","url":"https:\/\/publievolucion.com\/wp-content\/uploads\/2024\/12\/LOGO-AGENCIA.jpg","contentUrl":"https:\/\/publievolucion.com\/wp-content\/uploads\/2024\/12\/LOGO-AGENCIA.jpg","width":500,"height":500},{"@type":"BreadcrumbList","@id":"https:\/\/publievolucion.com\/?page_id=5129#breadcrumb","itemListElement":[{"@type":"ListItem","position":1,"name":"Portada","item":"https:\/\/publievolucion.com\/"},{"@type":"ListItem","position":2,"name":"CREACI\u00d3N DE CONTENIDOS"}]},{"@type":"WebSite","@id":"https:\/\/publievolucion.com\/#website","url":"https:\/\/publievolucion.com\/","name":"Agencia Digital Publievoluci\u00f3n","description":"Marketing Digital - Dise\u00f1o Web - Gesti\u00f3n de Redes Sociales","publisher":{"@id":"https:\/\/publievolucion.com\/#organization"},"potentialAction":[{"@type":"SearchAction","target":{"@type":"EntryPoint","urlTemplate":"https:\/\/publievolucion.com\/?s={search_term_string}"},"query-input":"required name=search_term_string"}],"inLanguage":"es"},{"@type":"Organization","@id":"https:\/\/publievolucion.com\/#organization","name":"Agencia Digital Publievoluci\u00f3n","url":"https:\/\/publievolucion.com\/","logo":{"@type":"ImageObject","inLanguage":"es","@id":"https:\/\/publievolucion.com\/#\/schema\/logo\/image\/","url":"https:\/\/publievolucion.com\/wp-content\/uploads\/2024\/02\/cropped-cropped-Post-de-Facebook-Venta-de-Galletas-Navidenas-Moderno-Dorado-1.jpg","contentUrl":"https:\/\/publievolucion.com\/wp-content\/uploads\/2024\/02\/cropped-cropped-Post-de-Facebook-Venta-de-Galletas-Navidenas-Moderno-Dorado-1.jpg","width":937,"height":788,"caption":"Agencia Digital Publievoluci\u00f3n"},"image":{"@id":"https:\/\/publievolucion.com\/#\/schema\/logo\/image\/"},"sameAs":["https:\/\/www.facebook.com\/publievoluciondigitalsb","https:\/\/www.instagram.com\/marketing.publievolucion\/"]}]}},"_links":{"self":[{"href":"https:\/\/publievolucion.com\/index.php?rest_route=\/wp\/v2\/pages\/5129","targetHints":{"allow":["GET"]}}],"collection":[{"href":"https:\/\/publievolucion.com\/index.php?rest_route=\/wp\/v2\/pages"}],"about":[{"href":"https:\/\/publievolucion.com\/index.php?rest_route=\/wp\/v2\/types\/page"}],"author":[{"embeddable":true,"href":"https:\/\/publievolucion.com\/index.php?rest_route=\/wp\/v2\/users\/1"}],"replies":[{"embeddable":true,"href":"https:\/\/publievolucion.com\/index.php?rest_route=%2Fwp%2Fv2%2Fcomments&post=5129"}],"version-history":[{"count":44,"href":"https:\/\/publievolucion.com\/index.php?rest_route=\/wp\/v2\/pages\/5129\/revisions"}],"predecessor-version":[{"id":6042,"href":"https:\/\/publievolucion.com\/index.php?rest_route=\/wp\/v2\/pages\/5129\/revisions\/6042"}],"wp:attachment":[{"href":"https:\/\/publievolucion.com\/index.php?rest_route=%2Fwp%2Fv2%2Fmedia&parent=5129"}],"curies":[{"name":"wp","href":"https:\/\/api.w.org\/{rel}","templated":true}]}}